921405036?
2, 479, 1002821
List the prime factors of 54683906.
2, 509, 53717
What are the prime factors of 677130068?
2, 169282517
List the prime factors of 1874295662.
2, 17, 7207, 7649
What are the prime factors of 22387672?
2, 2798459
What are the prime factors of 1127384277?
3, 43, 67, 130439
What are the prime factors of 39957027?
3, 11, 1210819
What are the prime factors of 2063429127?
3, 19, 61, 233, 283
List the prime factors of 564012420.
2, 3, 5, 967, 9721
What are the prime factors of 1525686818?
2, 647, 1179047
List the prime factors of 752705038.
2, 23, 16363153
List the prime factors of 457535972.
2, 114383993
What are the prime factors of 40557944?
2, 7, 43, 16843
What are the prime factors of 2919285?
3, 5, 29, 2237
What are the prime factors of 1113189191?
71, 73, 397, 541
What are the prime factors of 4083656135?
5, 13, 73, 860623
What are the prime factors of 1565126?
2, 163, 4801
List the prime factors of 292752180.
2, 3, 5, 7, 283, 821
What are the prime factors of 1952339594?
2, 73, 13372189
What are the prime factors of 474408913?
11, 43128083
What are the prime factors of 53915704?
2, 17, 61, 67, 97
What are the prime factors of 234685873?
43, 5457811
What are the prime factors of 1507330435?
5, 13, 61, 29243
List the prime factors of 278797957.
193, 727, 1987
What are the prime factors of 141403581?
3, 11, 491, 2909
List the prime factors of 171004641.
3, 57001547
List the prime factors of 33444082.
2, 7, 2388863
List the prime factors of 233555951.
37, 6312323
What are the prime factors of 3591502562?
2, 983, 1826807
What are the prime factors of 3561957228?
2, 3, 47, 6315527
List the prime factors of 3384041939.
3384041939
List the prime factors of 39314774.
2, 23, 109, 7841
What are the prime factors of 484310771?
7, 233, 296941
What are the prime factors of 16773493?
11, 53, 28771
List the prime factors of 85731990.
2, 3, 5, 19, 150407
What are the prime factors of 328697207?
19, 97, 178349
What are the prime factors of 3801845785?
5, 953, 797869
What are the prime factors of 140877001?
19, 23, 47
What are the prime factors of 32541104?
2, 151, 13469
What are the prime factors of 5304847275?
3, 5, 7, 13, 67, 1289
List the prime factors of 36560599.
36560599
List the prime factors of 262447042.
2, 11, 13, 29, 31643
What are the prime factors of 763662518?
2, 2087, 182957
What are the prime factors of 112037711?
179, 625909
List the prime factors of 684936217.
7, 47, 2081873
What are the prime factors of 5441756452?
2, 11, 127, 409, 2381
What are the prime factors of 174920675?
5, 2579, 2713
List the prime factors of 49251124.
2, 13, 947137
What are the prime factors of 344244487?
41, 53, 158419
List the prime factors of 41756396.
2, 11, 233, 4073
List the prime factors of 23955252.
2, 3, 211, 9461
List the prime factors of 51298591.
1667, 30773
List the prime factors of 54105964.
2, 11, 617, 1993
List the prime factors of 128846490.
2, 3, 5, 43, 99881
What are the prime factors of 274728007?
17, 1567, 10313
List the prime factors of 116788424.
2, 2129, 6857
List the prime factors of 5608742.
2, 17, 164963
What are the prime factors of 305476670?
2, 5, 163, 187409
What are the prime factors of 1441772792?
2, 4651, 38749
What are the prime factors of 28012287?
3, 9337429
List the prime factors of 3750656352.
2, 3, 39069337
What are the prime factors of 132092282?
2, 7, 9435163
What are the prime factors of 13298701?
13, 1022977
List the prime factors of 259183596.
2, 3, 7, 23, 134153
List the prime factors of 337422429.
3, 4165709
List the prime factors of 61173.
3, 7, 971
What are the prime factors of 13247150?
2, 5, 7, 5407
List the prime factors of 66098362.
2, 11, 359, 8369
List the prime factors of 1403289914.
2, 13, 53972689
What are the prime factors of 68348668?
2, 59, 109, 2657
What are the prime factors of 5423172111?
3, 7, 359, 239783
What are the prime factors of 24246333?
3, 2694037
What are the prime factors of 52078525?
5, 19, 109639
What are the prime factors of 31818939?
3, 19, 101, 5527
What are the prime factors of 299272413?
3, 11, 9068861
What are the prime factors of 113801395?
5, 967, 23537
What are the prime factors of 812702889?
3, 10033369
List the prime factors of 3938771329.
29, 107, 1269343
What are the prime factors of 58185384?
2, 3, 2424391
List the prime factors of 2540540326.
2, 359, 3538357
What are the prime factors of 405868499?
405868499
List the prime factors of 320585908.
2, 37, 2166121
List the prime factors of 607700633.
89, 139, 49123
List the prime factors of 451527.
3, 59, 2551
List the prime factors of 2661820971.
3, 907, 947, 1033
What are the prime factors of 402723344?
2, 131, 271, 709
List the prime factors of 1591743770.
2, 5, 107, 719, 2069
List the prime factors of 36669766.
2, 7, 379, 6911
List the prime factors of 3348588.
2, 3, 173, 1613
What are the prime factors of 935534619?
3, 101, 1029191
What are the prime factors of 3177941503?
11, 103, 2804891
List the prime factors of 127103674.
2, 2593, 24509
List the prime factors of 5874982233.
3, 157, 227, 54949
What are the prime factors of 45924257?
45924257
List the prime factors of 785795501.
179, 4389919
List the prime factors of 2860580041.
11, 1129, 230339
What are the prime factors of 131657203?
131657203
List the prime factors of 59808008.
2, 13, 575077
List the prime factors of 40977753.
3, 31, 43, 10247
What are the prime factors of 4434027691?
4434027691
What are the prime factors of 27194507?
839, 32413
List the prime factors of 65480029.
31, 59, 35801
List the prime factors of 86959182.
2, 3, 17, 23, 101, 367
What are the prime factors of 120155767?
120155767
List the prime factors of 4907388203.
4907388203
List the prime factors of 7076624.
2, 17, 26017
List the prime factors of 698480806.
2, 107, 761, 4289
List the prime factors of 371615702.
2, 1031, 180221
List the prime factors of 948498106.
2, 474249053
List the prime factors of 2552967234.
2, 3, 5253019
What are the prime factors of 5123902?
2, 7, 17, 21529
List the prime factors of 22818315.
3, 5, 13, 117017
What are the prime factors of 842990565?
3, 5, 56199371
List the prime factors of 282796690.
2, 5, 11, 29, 88651
What are the prime factors of 1396967294?
2, 29, 24085643
What are the prime factors of 1791817093?
11, 23, 37, 191413
What are the prime factors of 13994346?
2, 3, 2332391
What are the prime factors of 1804549532?
2, 3907, 115469
What are the prime factors of 18555705?
3, 5, 7, 58907
What are the prime factors of 122814586?
2, 101, 607993
What are the prime factors of 7052029298?
2, 25703, 137183
List the prime factors of 27848738.
2, 13924369
List the prime factors of 29858270.
2, 5, 13, 31, 239
What are the prime factors of 62591369?
1879, 33311
List the prime factors of 518966899.
11, 229, 206021
What are the prime factors of 2799540591?
3, 31, 241, 124907
What are the prime factors of 9015047?
9015047
What are the prime factors of 431144925?
3, 5, 89, 64591
List the prime factors of 53283308.
2, 13, 173, 5923
List the prime factors of 365856311.
14683, 24917
List the prime factors of 26882037.
3, 7, 13, 521
What are the prime factors of 1182410003?
3511, 336773
What are the prime factors of 1473069646?
2, 736534823
List the prime factors of 16733906.
2, 7, 163, 7333
What are the prime factors of 5847179967?
3, 37, 216779
List the prime factors of 1340674310.
2, 5, 134067431
What are the prime factors of 417095933?
9421, 44273
What are the prime factors of 153280800?
2, 3, 5, 61, 349
What are the prime factors of 218525060?
2, 5, 13, 79, 10639
List the prime factors of 64518173.
64518173
What are the prime factors of 149056942?
2, 37, 2014283
What are the prime factors of 67335545?
5, 13467109
What are the prime factors of 2236070702?
2, 131, 8534621
List the prime factors of 58865116.
2, 19, 774541
What are the prime factors of 797180694?
2, 3, 17, 149, 52453
List the prime factors of 1656388531.
7, 236626933
What are the prime factors of 251803189?
11, 109, 210011
List the prime factors of 42800180.
2, 5, 569, 3761
List the prime factors of 169577578.
2, 2309, 36721
What are the prime factors of 79457121?
3, 163, 54163
What are the prime factors of 558973523?
558973523
List the prime factors of 50811258.
2, 3, 1123, 754